[INFO] cloning repository https://github.com/Lathentar/adventofcode2019
[INFO] running `Command { std: "git" "-c" "credential.helper=" "-c" "credential.helper=/workspace/cargo-home/bin/git-credential-null" "clone" "--bare" "https://github.com/Lathentar/adventofcode2019" "/workspace/cache/git-repos/https%3A%2F%2Fgithub.com%2FLathentar%2Fadventofcode2019", kill_on_drop: false }`
[INFO] [stderr] Cloning into bare repository '/workspace/cache/git-repos/https%3A%2F%2Fgithub.com%2FLathentar%2Fadventofcode2019'...
[INFO] running `Command { std: "git" "rev-parse" "HEAD", kill_on_drop: false }`
[INFO] [stdout] 2217803c271750e1414604c4522a942c5f9ad0d9
[INFO] checking Lathentar/adventofcode2019 against try#72f88fc4e9458f89516a0b8b0868f3718aec5b47 for pr-74989
[INFO] running `Command { std: "git" "clone" "/workspace/cache/git-repos/https%3A%2F%2Fgithub.com%2FLathentar%2Fadventofcode2019" "/workspace/builds/worker-0/source", kill_on_drop: false }`
[INFO] [stderr] Cloning into '/workspace/builds/worker-0/source'...
[INFO] [stderr] done.
[INFO] validating manifest of git repo https://github.com/Lathentar/adventofcode2019 on toolchain 72f88fc4e9458f89516a0b8b0868f3718aec5b47
[INFO] running `Command { std: "/workspace/cargo-home/bin/cargo" "+72f88fc4e9458f89516a0b8b0868f3718aec5b47" "read-manifest" "--manifest-path" "Cargo.toml", kill_on_drop: false }`
[INFO] started tweaking git repo https://github.com/Lathentar/adventofcode2019
[INFO] finished tweaking git repo https://github.com/Lathentar/adventofcode2019
[INFO] tweaked toml for git repo https://github.com/Lathentar/adventofcode2019 written to /workspace/builds/worker-0/source/Cargo.toml
[INFO] crate git repo https://github.com/Lathentar/adventofcode2019 already has a lockfile, it will not be regenerated
[INFO] running `Command { std: "/workspace/cargo-home/bin/cargo" "+72f88fc4e9458f89516a0b8b0868f3718aec5b47" "fetch" "--locked" "--manifest-path" "Cargo.toml", kill_on_drop: false }`
[INFO] [stderr]     Blocking waiting for file lock on package cache
[INFO] running `Command { std: "docker" "create" "-v" "/var/lib/crater-agent-workspace/builds/worker-0/target:/opt/rustwide/target:rw,Z" "-v" "/var/lib/crater-agent-workspace/builds/worker-0/source:/opt/rustwide/workdir:ro,Z" "-v" "/var/lib/crater-agent-workspace/cargo-home:/opt/rustwide/cargo-home:ro,Z" "-v" "/var/lib/crater-agent-workspace/rustup-home:/opt/rustwide/rustup-home:ro,Z" "-e" "SOURCE_DIR=/opt/rustwide/workdir" "-e" "CARGO_TARGET_DIR=/opt/rustwide/target" "-e" "CARGO_HOME=/opt/rustwide/cargo-home" "-e" "RUSTUP_HOME=/opt/rustwide/rustup-home" "-w" "/opt/rustwide/workdir" "-m" "1610612736" "--user" "0:0" "--network" "none" "rustops/crates-build-env@sha256:d92eaeed33fa75130ca1ee6c8a01d1ffb62bac859dfdfb3450e3e5d1c0146529" "/opt/rustwide/cargo-home/bin/cargo" "+72f88fc4e9458f89516a0b8b0868f3718aec5b47" "metadata" "--no-deps" "--format-version=1", kill_on_drop: false }`
[INFO] [stdout] 3b843e7da69dba4a3dcd1572b529f081307cffa63c963d40dea5c11b724288fe
[INFO] [stderr] WARNING: Your kernel does not support swap limit capabilities or the cgroup is not mounted. Memory limited without swap.
[INFO] running `Command { std: "docker" "start" "-a" "3b843e7da69dba4a3dcd1572b529f081307cffa63c963d40dea5c11b724288fe", kill_on_drop: false }`
[INFO] running `Command { std: "docker" "inspect" "3b843e7da69dba4a3dcd1572b529f081307cffa63c963d40dea5c11b724288fe", kill_on_drop: false }`
[INFO] running `Command { std: "docker" "rm" "-f" "3b843e7da69dba4a3dcd1572b529f081307cffa63c963d40dea5c11b724288fe", kill_on_drop: false }`
[INFO] [stdout] 3b843e7da69dba4a3dcd1572b529f081307cffa63c963d40dea5c11b724288fe
[INFO] running `Command { std: "docker" "create" "-v" "/var/lib/crater-agent-workspace/builds/worker-0/target:/opt/rustwide/target:rw,Z" "-v" "/var/lib/crater-agent-workspace/builds/worker-0/source:/opt/rustwide/workdir:ro,Z" "-v" "/var/lib/crater-agent-workspace/cargo-home:/opt/rustwide/cargo-home:ro,Z" "-v" "/var/lib/crater-agent-workspace/rustup-home:/opt/rustwide/rustup-home:ro,Z" "-e" "SOURCE_DIR=/opt/rustwide/workdir" "-e" "CARGO_TARGET_DIR=/opt/rustwide/target" "-e" "CARGO_INCREMENTAL=0" "-e" "RUST_BACKTRACE=full" "-e" "RUSTFLAGS=--cap-lints=forbid" "-e" "CARGO_HOME=/opt/rustwide/cargo-home" "-e" "RUSTUP_HOME=/opt/rustwide/rustup-home" "-w" "/opt/rustwide/workdir" "-m" "1610612736" "--user" "0:0" "--network" "none" "rustops/crates-build-env@sha256:d92eaeed33fa75130ca1ee6c8a01d1ffb62bac859dfdfb3450e3e5d1c0146529" "/opt/rustwide/cargo-home/bin/cargo" "+72f88fc4e9458f89516a0b8b0868f3718aec5b47" "check" "--frozen" "--all" "--all-targets" "--message-format=json", kill_on_drop: false }`
[INFO] [stdout] 454f85ab9af38cfbf31edaa4860651b928f7281588ea30ae53692b388017bfae
[INFO] [stderr] WARNING: Your kernel does not support swap limit capabilities or the cgroup is not mounted. Memory limited without swap.
[INFO] running `Command { std: "docker" "start" "-a" "454f85ab9af38cfbf31edaa4860651b928f7281588ea30ae53692b388017bfae", kill_on_drop: false }`
[INFO] [stderr]    Compiling autocfg v0.1.7
[INFO] [stderr]    Compiling libc v0.2.66
[INFO] [stderr]    Compiling typenum v1.11.2
[INFO] [stderr]     Checking rawpointer v0.2.1
[INFO] [stderr]     Checking rand_core v0.3.1
[INFO] [stderr]     Checking rand_jitter v0.1.4
[INFO] [stderr]     Checking rand_hc v0.1.0
[INFO] [stderr]     Checking rand_isaac v0.1.1
[INFO] [stderr]     Checking rand_xorshift v0.1.1
[INFO] [stderr]     Checking matrixmultiply v0.2.3
[INFO] [stderr]    Compiling num-traits v0.2.10
[INFO] [stderr]    Compiling num-integer v0.1.41
[INFO] [stderr]    Compiling num-bigint v0.2.3
[INFO] [stderr]    Compiling num-complex v0.2.3
[INFO] [stderr]    Compiling num-rational v0.2.2
[INFO] [stderr]    Compiling rand_pcg v0.1.2
[INFO] [stderr]    Compiling rand_chacha v0.1.1
[INFO] [stderr]    Compiling rand v0.6.5
[INFO] [stderr]    Compiling num-iter v0.1.39
[INFO] [stderr]     Checking rand_os v0.1.3
[INFO] [stderr]     Checking generic-array v0.12.3
[INFO] [stderr]     Checking approx v0.3.2
[INFO] [stderr]     Checking alga v0.9.2
[INFO] [stderr]     Checking num v0.2.0
[INFO] [stderr]     Checking nalgebra v0.18.1
[INFO] [stderr]     Checking adventofcode2019 v0.1.0 (/opt/rustwide/workdir)
[INFO] [stdout] error[E0061]: this function takes 4 arguments but 3 arguments were supplied
[INFO] [stdout]     --> src/lib.rs:1981:22
[INFO] [stdout]      |
[INFO] [stdout] 1454 | fn process_frequencies(freq: &Vec<i32>, count: usize, offset: usize, rev: bool) -> Vec<i32> {
[INFO] [stdout]      | ------------------------------------------------------------------------------------------- defined here
[INFO] [stdout] ...
[INFO] [stdout] 1981 |         let freq_1 = process_frequencies(&freq_0, 1, 0); 
[INFO] [stdout]      |                      ^^^^^^^^^^^^^^^^^^^ -------  -  - supplied 3 arguments
[INFO] [stdout]      |                      |
[INFO] [stdout]      |                      expected 4 arguments
[INFO] [stdout] 
[INFO] [stdout] 
[INFO] [stdout] error[E0061]: this function takes 4 arguments but 3 arguments were supplied
[INFO] [stdout]     --> src/lib.rs:1995:24
[INFO] [stdout]      |
[INFO] [stdout] 1454 | fn process_frequencies(freq: &Vec<i32>, count: usize, offset: usize, rev: bool) -> Vec<i32> {
[INFO] [stdout]      | ------------------------------------------------------------------------------------------- defined here
[INFO] [stdout] ...
[INFO] [stdout] 1995 |         let freq_100 = process_frequencies(&freq_0, 100, 0);
[INFO] [stdout]      |                        ^^^^^^^^^^^^^^^^^^^ -------  ---  - supplied 3 arguments
[INFO] [stdout]      |                        |
[INFO] [stdout]      |                        expected 4 arguments
[INFO] [stdout] 
[INFO] [stdout] 
[INFO] [stdout] error[E0061]: this function takes 4 arguments but 3 arguments were supplied
[INFO] [stdout]     --> src/lib.rs:2008:24
[INFO] [stdout]      |
[INFO] [stdout] 1454 | fn process_frequencies(freq: &Vec<i32>, count: usize, offset: usize, rev: bool) -> Vec<i32> {
[INFO] [stdout]      | ------------------------------------------------------------------------------------------- defined here
[INFO] [stdout] ...
[INFO] [stdout] 2008 |         let freq_100 = process_frequencies(&freq_repeat, 1, freq_offset);
[INFO] [stdout]      |                        ^^^^^^^^^^^^^^^^^^^ ------------  -  ----------- supplied 3 arguments
[INFO] [stdout]      |                        |
[INFO] [stdout]      |                        expected 4 arguments
[INFO] [stdout] 
[INFO] [stdout] 
[INFO] [stdout] error: aborting due to 3 previous errors
[INFO] [stdout] 
[INFO] [stdout] 
[INFO] [stdout] For more information about this error, try `rustc --explain E0061`.
[INFO] [stdout] 
[INFO] [stderr] error: could not compile `adventofcode2019`.
[INFO] [stderr] 
[INFO] [stderr] To learn more, run the command again with --verbose.
[INFO] [stderr] warning: build failed, waiting for other jobs to finish...
[INFO] [stderr] error: build failed
[INFO] running `Command { std: "docker" "inspect" "454f85ab9af38cfbf31edaa4860651b928f7281588ea30ae53692b388017bfae", kill_on_drop: false }`
[INFO] running `Command { std: "docker" "rm" "-f" "454f85ab9af38cfbf31edaa4860651b928f7281588ea30ae53692b388017bfae", kill_on_drop: false }`
[INFO] [stdout] 454f85ab9af38cfbf31edaa4860651b928f7281588ea30ae53692b388017bfae
